{"id":2,"date":"2025-04-10T06:15:04","date_gmt":"2025-04-10T06:15:04","guid":{"rendered":"http:\/\/templates.nuclearfallout.net\/wordpress\/?page_id=2"},"modified":"2026-02-04T22:39:38","modified_gmt":"2026-02-04T22:39:38","slug":"sample-page","status":"publish","type":"page","link":"https:\/\/bucketent.site.nfoservers.com\/nextgengallery\/","title":{"rendered":""},"content":{"rendered":"\n<h1 class=\"wp-block-heading has-text-align-center\">Bienvenue<\/h1>\n\n\n\n<div style=\"height:50px\" aria-hidden=\"true\" class=\"wp-block-spacer\"><\/div>\n\n\n\n<p class=\"has-text-align-center\" style=\"margin-right:0px;margin-left:0px;padding-right:400px;padding-left:400px\">sur mon portofolio de photographie sans pr\u00e9tention! \u00c0 travers sorties, voyages, travail et quotidien, je tente de capturer des souvenirs \u00e0 l&#8217;image du monde que j&#8217;explore. Bonne visite.<\/p>\n\n\n\n<p><\/p>\n\n\n\n<div style=\"height:50px\" aria-hidden=\"true\" class=\"wp-block-spacer\"><\/div>\n\n\n\nngg_shortcode_0_placeholder\n","protected":false},"excerpt":{"rendered":"<p>Bienvenue sur mon portofolio de photographie sans pr\u00e9tention! \u00c0 travers sorties, voyages, travail et quotidien, je tente de capturer des souvenirs \u00e0 l&#8217;image du monde que j&#8217;explore. Bonne visite.<\/p>\n","protected":false},"author":1,"featured_media":0,"parent":0,"menu_order":0,"comment_status":"closed","ping_status":"open","template":"","meta":{"ngg_post_thumbnail":0,"footnotes":""},"class_list":["post-2","page","type-page","status-publish","hentry"],"_links":{"self":[{"href":"https:\/\/bucketent.site.nfoservers.com\/nextgengallery\/index.php?rest_route=\/wp\/v2\/pages\/2","targetHints":{"allow":["GET"]}}],"collection":[{"href":"https:\/\/bucketent.site.nfoservers.com\/nextgengallery\/index.php?rest_route=\/wp\/v2\/pages"}],"about":[{"href":"https:\/\/bucketent.site.nfoservers.com\/nextgengallery\/index.php?rest_route=\/wp\/v2\/types\/page"}],"author":[{"embeddable":true,"href":"https:\/\/bucketent.site.nfoservers.com\/nextgengallery\/index.php?rest_route=\/wp\/v2\/users\/1"}],"replies":[{"embeddable":true,"href":"https:\/\/bucketent.site.nfoservers.com\/nextgengallery\/index.php?rest_route=%2Fwp%2Fv2%2Fcomments&post=2"}],"version-history":[{"count":9,"href":"https:\/\/bucketent.site.nfoservers.com\/nextgengallery\/index.php?rest_route=\/wp\/v2\/pages\/2\/revisions"}],"predecessor-version":[{"id":44,"href":"https:\/\/bucketent.site.nfoservers.com\/nextgengallery\/index.php?rest_route=\/wp\/v2\/pages\/2\/revisions\/44"}],"wp:attachment":[{"href":"https:\/\/bucketent.site.nfoservers.com\/nextgengallery\/index.php?rest_route=%2Fwp%2Fv2%2Fmedia&parent=2"}],"curies":[{"name":"wp","href":"https:\/\/api.w.org\/{rel}","templated":true}]}}